at is the hundreds digit of 59721912?
9
What is the ten thousands digit of 816700238?
0
What is the ten millions digit of 434885709?
3
What is the units digit of 67151457?
7
What is the tens digit of 132089125?
2
What is the ten millions digit of 66768945?
6
What is the hundred thousands digit of 1514260700?
2
What is the units digit of 53391886?
6
What is the ten millions digit of 78691860?
7
What is the thousands digit of 1375649494?
9
What is the thousands digit of 3916438?
6
What is the thousands digit of 189271862?
1
What is the thousands digit of 26473593?
3
What is the tens digit of 571954592?
9
What is the hundred thousands digit of 849490656?
4
What is the hundred millions digit of 586351134?
5
What is the ten millions digit of 678173301?
7
What is the thousands digit of 74349107?
9
What is the billions digit of 9382017345?
9
What is the hundred millions digit of 1565476568?
5
What is the hundreds digit of 74520375?
3
What is the hundred thousands digit of 36116771?
1
What is the hundreds digit of 1241397219?
2
What is the units digit of 271398194?
4
What is the thousands digit of 106465404?
5
What is the hundreds digit of 71839042?
0
What is the hundreds digit of 3415671405?
4
What is the ten thousands digit of 1179056356?
5
What is the units digit of 21842150?
0
What is the thousands digit of 473402472?
2
What is the units digit of 147072955?
5
What is the tens digit of 23357554?
5
What is the units digit of 2950412396?
6
What is the millions digit of 111129491?
1
What is the thousands digit of 255705478?
5
What is the hundreds digit of 593362966?
9
What is the hundred millions digit of 143198107?
1
What is the hundred millions digit of 1138379288?
1
What is the ten millions digit of 67353080?
6
What is the millions digit of 342258886?
2
What is the ten thousands digit of 33138148?
3
What is the millions digit of 408444485?
8
What is the hundreds digit of 2894676372?
3
What is the units digit of 274337340?
0
What is the tens digit of 166761778?
7
What is the units digit of 124186637?
7
What is the hundreds digit of 931093217?
2
What is the ten thousands digit of 853824?
5
What is the millions digit of 14184299?
4
What is the ten thousands digit of 85046111?
4
What is the hundreds digit of 691747330?
3
What is the hundred millions digit of 5555961700?
5
What is the hundreds digit of 621921292?
2
What is the hundreds digit of 242448362?
3
What is the hundred millions digit of 739294254?
7
What is the hundreds digit of 352611886?
8
What is the hundreds digit of 59567684?
6
What is the ten millions digit of 74943641?
7
What is the tens digit of 63039392?
9
What is the hundreds digit of 28170178?
1
What is the ten thousands digit of 150257417?
5
What is the ten millions digit of 73558542?
7
What is the units digit of 21278941?
1
What is the ten millions digit of 530661602?
3
What is the hundred thousands digit of 2517928720?
9
What is the millions digit of 6879347?
6
What is the millions digit of 450957470?
0
What is the hundreds digit of 1043763822?
8
What is the millions digit of 972694600?
2
What is the units digit of 1225990047?
7
What is the hundreds digit of 36277316?
3
What is the units digit of 101767390?
0
What is the hundreds digit of 6389388320?
3
What is the ten thousands digit of 4443109?
4
What is the ten thousands digit of 268864565?
6
What is the hundred millions digit of 198748952?
1
What is the ten millions digit of 53353037?
5
What is the millions digit of 419360489?
9
What is the units digit of 11931591?
1
What is the hundreds digit of 512108172?
1
What is the thousands digit of 3017701358?
1
What is the ten thousands digit of 106723427?
2
What is the ten thousands digit of 4999414445?
1
What is the millions digit of 167455554?
7
What is the hundred thousands digit of 1117613257?
6
What is the millions digit of 224369868?
4
What is the units digit of 3688804873?
3
What is the millions digit of 926959126?
6
What is the hundred thousands digit of 55137206?
1
What is the hundreds digit of 45364752?
7
What is the billions digit of 1169125623?
1
What is the thousands digit of 80595551?
5
What is the tens digit of 639757559?
5
What is the ten thousands digit of 3349899761?
9
What is the hundred thousands digit of 7546161?
5
What is the hundreds digit of 963180444?
4
What is the units digit of 25818660?
0
What is the units digit of 4084164784?
4
What is the ten thousands digit of 707259858?
5
What is the millions digit of 448887082?
8
What is the ten thousands digit of 1972221447?
2
What is the ten thousands digit of 49049928?
4
What is the thousands digit of 1962809986?
9
What is the hundred thousands digit of 84135669?
1
What is the ten thousands digit of 31209780?
0
What is the ten millions digit of 1975799879?
7
What is the thousands digit of 48390631?
0
What is the hundred millions digit of 299507453?
2
What is the hundred thousands digit of 292483135?
4
What is the ten thousands digit of 24433299?
3
What is the hundred thousands digit of 578637887?
6
What is the millions digit of 95824979?
5
What is the tens digit of 64329729?
2
What is the units digit of 557839215?
5
What is the hundreds digit of 54325186?
1
What is the billions digit of 4144664229?
4
What is the hundred thousands digit of 29144193?
1
What is the millions digit of 31073037?
1
What is the hundreds digit of 72773866?
8
What is the hundred thousands digit of 33545217?
5
What is the hundred millions digit of 2688366360?
6
What is the tens digit of 3746469670?
7
What is the hundreds digit of 51854121?
1
What is the thousands digit of 4519290?
9
What is the ten thousands digit of 12163180?
6
What is the hundred millions digit of 119796610?
1
What is the thousands digit of 482543060?
3
What is the thousands digit of 5928627685?
7
What is the hundreds digit of 160113730?
7
What is the units digit of 745404463?
3
What is the thousands digit of 95683146?
3
What is the ten millions digit of 61264080?
6
What is the ten millions digit of 231524354?
3
What is the millions digit of 954630084?
4
What is the hundreds digit of 4817284758?
7
What is the tens digit of 1346523074?
7
What is the tens digit of 132045471?
7
What is the ten millions digit of 121727746?
2
What is the millions digit of 366327524?
6
What is the hundreds digit of 580139677?
6
What is the ten thousands digit of 106316435?
1
What is the units digit of 56538305?
5
What is the hundred millions digit of 641492655?
6
What is the thousands digit of 1649997283?
7
What is the hundred thousands digit of 56912714?
9
What is the hundred millions digit of 762846809?
7
What is the hundreds digit of 2952430457?
4
What is the units digit of 138632601?
1
What is the billions digit of 1385282659?
1
What is the ten millions digit of 852583552?
5
What is the ten millions digit of 75881917?
7
What is the hundreds digit of 893124898?
8
What is the tens digit of 329245137?
3
What is the hundred thousands digit of 739945538?
9
What is the hundred thousands digit of 40830554?
8
What is the millions digit of 78410019?
8
What is the billions digit of 3379975471?
3
What is the ten thousands digit of 571500746?
0
What is the units digit of 117987205?
5
What is the hundreds digit of 3309272?
2
What is the ten thousands digit of 340599078?
9
What is the hundred millions digit of 2182131270?
1
What is the hundred thousands digit of 526395176?
3
What is the hundred thousands digit of 4346256393?
2
What is the thousands digit of 3037403777?
3
What is the tens digit of 17785367?
6
What is the hundreds digit of 115386702?
7
What is the tens digit of 973157879?
7
What is the units digit of 5576431231?
1
What is the ten thousands digit of 1736474635?
7
What is the hundreds digit of 556087196?
1
What is the hundred millions digit of 115609467?
1
What is the hundred millions digit of 314890130?
3
What is the tens digit of 31746630?
3
What is the units digit of 2692988578?
8
What is the units digit of 35247542?
2
What is the thousands digit of 244354822?
4
What is the hundreds digit of 7653353?
3
What is the billions digit of 1858576730?
1
What is the hundred thousands digit of 1698991206?
9
What is the ten thousands digit of 217941155?
4
What is the millions digit of 503820779?
3
What is the millions digit of 209367589?
9
What is 